 be 5 + -2 - (27 - -1). Let o = -39 - w. What are the prime factors of o/(1 - 12/8)?
2, 7
Let o(w) = w**3 + 8*w**2 + 10*w - 3. Let b(t) = 5*t**3 + 41*t**2 + 51*t - 16. Let n(p) = 2*b(p) - 11*o(p). What are the prime factors of n(-7)?
2, 53
Let i(g) = 147*g + 1028. List the prime factors of i(12).
2, 349
Let w(g) = 130*g**3 + 3*g**2 + 3*g - 9. What are the prime factors of w(2)?
1049
Let a = 23 + -16. Let c be (-1 + (-129)/(-21))*a. Let k = c - 4. List the prime factors of k.
2
Let h be -3*(-111 + -4 + 7). Suppose 3*g - 9*g + h = 0. List the prime factors of g.
2, 3
Let g = 85 + -92. What are the prime factors of (10 - (g + 14)) + (160 - 0)?
163
Let d be 3/(-9) + 25/3. What are the prime factors of -2*3*(7 + (-148)/d)?
3, 23
Let t = 34 + -29. List the prime factors of (6/t)/((-14)/(-805)).
3, 23
Let p(i) = -42*i - 5. What are the prime factors of p(-3)?
11
Suppose -3*h = 3*l - 807, 6*h + 2*l + 1058 = 10*h. What are the prime factors of h?
2, 7, 19
Suppose t + o - 2 = 4, 2*t - o - 18 = 0. Suppose p - t*p + 63 = 0. What are the prime factors of 86/3 + 3/p?
29
Let r(s) = -s. Let a be r(-2). Suppose 0 = -a*n + 70 - 22. What are the prime factors of n?
2, 3
Suppose 5 + 11 = 4*o. Suppose -5*p - o*k = -2 - 10, -p = -4*k - 12. Suppose -3*q = -p - 35. List the prime factors of q.
13
Let w = 106 + -20. Let v be 6/6*w/2. Let f = v + -7. List the prime factors of f.
2, 3
Suppose -5*j = u - 42, 14*u - 18*u + 3*j = -214. List the prime factors of u.
2, 13
Let v = -821 - -1707. What are the prime factors of v?
2, 443
Suppose -3*l = -2*q - 3614, 2293 + 1329 = 3*l + 2*q. List the prime factors of l.
2, 3, 67
List the prime factors of 138227/423 - (1 + 11/(-9)).
3, 109
Suppose 5*x - 4*z = -18, 2*x + 2*z = -4 - 14. Let n(q) = 0*q + 11 + 3 + q. What are the prime factors of n(x)?
2
Suppose -6*m = -11*m - 5*x + 2160, -m - 2*x = -430. What are the prime factors of m?
2, 7, 31
Let d = -22 + 18. Let t(m) be the third derivative of m**5/60 - m**4/24 - 2*m**3/3 + 2*m**2. List the prime factors of t(d).
2
What are the prime factors of (720/(-100))/((-12)/1880)?
2, 3, 47
Let g be -2*4 + (-7 - -6). Let u = 26 + g. Suppose 4*t = u + 7. What are the prime factors of t?
2, 3
Let q be (-988)/10*55/(-11). Let f = q + -263. What are the prime factors of f?
3, 7, 11
Suppose 3*s + s = 0. Suppose s = w - v + 3*v + 684, 687 = -w - 3*v. List the prime factors of w/(-30) + 3/(-5).
2, 11
Let n(u) = -71*u**3 - 2*u**2 - 3*u - 3. Let f be n(-3). Suppose 0 = -7*d + f + 83. Suppose 148 = 8*b - d. List the prime factors of b.
2, 3
Suppose -q + 5 = g, q + 0*q = 2*g - 1. Suppose -g*d + 228 = -0*d + 3*j, -j - 212 = -2*d. What are the prime factors of d?
2, 3
Suppose -4*o + 7 = -5. Suppose -o*h - 30 = -183. Suppose 11*m = 8*m + h. What are the prime factors of m?
17
Suppose 0 = -20*q - 175 + 3855. List the prime factors of q.
2, 23
Let i = -6573 - -10693. What are the prime factors of i?
2, 5, 103
Let w = 35 + -33. Suppose -c = -w*a + a + 68, 4*a = c + 260. List the prime factors of a.
2
Let k = 49 + -11. Suppose -f - 4*g = -51, -k + 323 = 5*f + 5*g. Let u = -11 + f. What are the prime factors of u?
2, 3
Let i(j) = -5 + 3*j + 17*j**2 - 16*j**2 + 0. What are the prime factors of i(10)?
5
Suppose -150746 = -30*s - 11396. List the prime factors of s.
5, 929
Let m(k) = 2*k + 3. Let y be m(-2). Let g = y + 4. Suppose -2*s - g*s = -15. What are the prime factors of s?
3
Let y(r) = -57*r + 217. List the prime factors of y(-43).
2, 23, 29
Let p = 7 + -4. Suppose 46 = -p*n - 53. Let u = -9 - n. List the prime factors of u.
2, 3
Suppose -3*p + 12 = -p. Let k be -9*3/p*-2. What are the prime factors of k + 0 + (5 - 6)?
2
Suppose -3*x + 821 = -199. Suppose 5*h = 3*k + x, -3*h - 2*k - 335 = -8*h. What are the prime factors of h?
5, 13
Let l(j) = -7*j + 15. Let b(o) = -8*o + 14. Let r(u) = -5*b(u) + 4*l(u). What are the prime factors of r(4)?
2, 19
Let y = 62 - 194. Suppose 3*p = 5*t + 542, 4*p + 2*t = -p + 955. Let o = p + y. What are the prime factors of o?
3, 19
Let y = -19 - -22. Suppose 519 = y*o + 111. What are the prime factors of o?
2, 17
Suppose -3*i = c - 24, c - 5*c = -3*i + 9. Let m = 13 - i. Let z = 8 - m. List the prime factors of z.
2
Suppose -7*i + 23 = 58. Let n(p) = -p**3 + 8*p - 8. What are the prime factors of n(i)?
7, 11
Let q(w) = -2*w**3 - 4*w**2 + 4*w - 5. Let x(g) = g**2 + 3*g + 5. Let t be x(-5). Let z be (t/30)/((-2)/16). List the prime factors of q(z).
43
Let v(f) = f - 1. Let b(c) = c**3 + 13*c**2 + c - 6. Let s(q) = -b(q) - v(q). List the prime factors of s(-13).
3, 11
Suppose -7 - 10 = -3*z + q, 0 = q - 4. Suppose 0 = 14*y - z*y - 973. List the prime factors of y.
139
Let i = -93 - -161. What are the prime factors of i?
2, 17
Let m = 124 - -176. What are the prime factors of m?
2, 3, 5
Suppose -442 = -5*t - 2*s + 606, -s + 4 = 0. Let v = 349 - t. What are the prime factors of v?
3, 47
Let y = 721 - -179. What are the prime factors of y?
2, 3, 5
Let c(s) = -3*s**3 + 8*s**2 - 15*s - 25. What are the prime factors of c(-6)?
7, 11, 13
Let u(n) be the second derivative of n**6/360 - n**5/40 + 7*n**4/12 - 3*n. Let b(c) be the third derivative of u(c). List the prime factors of b(9).
3, 5
Let h be (3/6)/((-2)/44). Let x be (-4 + -1)/(11/h). Suppose x*a - 9*a + 56 = 0. List the prime factors of a.
2, 7
Suppose -14*n + 2151 + 9343 = 0. What are the prime factors of n?
821
Let z = 3121 + -1414. List the prime factors of z.
3, 569
Let u(j) = j. Let f(m) = -2*m + 2. Let o(t) = f(t) - 4*u(t). Suppose 2*r - 3*x + 16 = -0, -4*r - 12 = -x. What are the prime factors of o(r)?
2, 7
What are the prime factors of 24/(-22)*(-792)/48*155?
2, 3, 5, 31
Suppose -2*h + 0*s + 1666 = 3*s, -5*s = -3*h + 2499. What are the prime factors of h?
7, 17
Suppose -3*k + 6793 = 4*c, -2*c - 2174 = -5*k + 9113. What are the prime factors of k?
3, 251
Let x be (-30)/4*24/(-36). Suppose 5*p - 15 - 355 = 0. Suppose 5*u - 150 = x*t, 3*u - 4*t - p = -9*t. List the prime factors of u.
2, 7
Let b = 25 + -25. Suppose b = -9*y + 7*y + 18. Suppose 0 = 7*a - y*a + 6. What are the prime factors of a?
3
Suppose 0 = -i - 0*i + t + 751, 3*t = 4*i - 3000. What are the prime factors of i?
3, 83
Let x = 128 - 80. Suppose -x = -7*m - m. List the prime factors of m.
2, 3
Let d be ((-118)/(-6))/((-7)/(-210)). Let y = 1162 - d. What are the prime factors of (-2)/(-12) - y/(-24)?
2, 3
Suppose f + 87 - 30 = -2*k, -4*f + 12 = 0. Let o = k - -50. What are the prime factors of o?
2, 5
Let b(a) = 3*a**3 + a**2. Let k be b(1). Suppose 28 = k*g - 64. List the prime factors of g.
23
Suppose 16 = 4*x, 5*q + x - 260 = 159. Let w = q + -47. What are the prime factors of w?
2, 3
Let z be ((-6)/(-21))/1 - 230385/(-21). List the prime factors of (-1)/7 - z/(-63).
2, 3, 29
What are the prime factors of (-4)/10 - 1392/(-160)*102?
887
Let y = -11 - -19. Suppose 0 = -3*z - 2*z + 15. Suppose 24 = z*d + u, 0*d - 4*u = -d + y. List the prime factors of d.
2
Let b(w) = 70*w**2 - 6*w - 69. List the prime factors of b(8).
4363
Let n = 1072 - 560. List the prime factors of n.
2
Let o = 17 - 48. Let b be ((-52)/8 - -4)*6. Let f = b - o. What are the prime factors of f?
2
Suppose 10*a - 12813 - 12657 = 0. What are the prime factors of a?
3, 283
Let x(m) be the second derivative of m**3/2 - 5*m**2 - 11*m. Suppose 0 = z - 6 - 5. List the prime factors of x(z).
23
What are the prime factors of (7 - 325/52)*(-21108)/(-3)?
3, 1759
Let q be 2 - (-3 + 0 + 3). Suppose 2 = c - q. What are the prime factors of 7/(4*1/c)?
7
Suppose -15*d - 5*a + 2715 = -14*d, 0 = 5*a - 20. What are the prime factors of d?
5, 7, 11
List the prime factors of (-8)/18 - (-443090)/531.
2, 3, 139
Let r = -18 + 30. Let b = r + -8. Suppose -3*g = 3*i - 57, b*g + 69 = 5*i + 1. What are the prime factors of i?
2
Let n(z) = -z**3 - z**2 - z - 1. Let c(f) = -f**3 + 7*f**2 - 5*f + 11. Let b(r) = c(r) - 2*n(r). What are the prime factors of b(-9)?
2, 5
Suppose 5*q + f - 18 = 42, -5*q = -5*f - 60. Let v(z) = 2*z - 13 - 3 - q + 12. What are the prime factors of v(15)?
2, 7
Let u(c) = 11*c + 5. Let s be u(5). Let m = s - -11. What are the prime factors of m?
71
Let l = 2231 + -381. List the prime factors of l.
2, 5, 37
Let i = -23 - -29. List the prime factors of (i/(-12))/(1/(-52)).
2, 13
Suppose 3*g - 6*